{"id":42,"date":"2022-08-04T01:27:14","date_gmt":"2022-08-04T01:27:14","guid":{"rendered":"https:\/\/el4.thembaydev.com\/fana_dark\/?post_type=product&#038;p=42"},"modified":"2025-11-02T14:46:01","modified_gmt":"2025-11-02T13:46:01","slug":"pilcro-spliced-neck-tee","status":"publish","type":"product","link":"https:\/\/dollsiliconelove.com\/index.php\/product\/pilcro-spliced-neck-tee\/","title":{"rendered":"THEO #202"},"content":{"rendered":"\t\t<div data-elementor-type=\"wp-post\" data-elementor-id=\"42\" class=\"elementor elementor-42\">\n\t\t\t\t\t\t<section class=\"elementor-section elementor-top-section elementor-element elementor-element-3add4d07 elementor-section-stretched elementor-section-boxed elementor-section-height-default elementor-section-height-default\" data-id=\"3add4d07\" data-element_type=\"section\" data-settings=\"{&quot;stretch_section&quot;:&quot;section-stretched&quot;}\">\n\t\t\t\t\t\t\t<div class=\"elementor-background-overlay\"><\/div>\n\t\t\t\t\t\t\t<div class=\"elementor-container elementor-column-gap-default\">\n\t\t\t\t\t<div class=\"elementor-column elementor-col-100 elementor-top-column elementor-element elementor-element-59b64f22\" data-id=\"59b64f22\" data-element_type=\"column\">\n\t\t\t<div class=\"elementor-widget-wrap elementor-element-populated\">\n\t\t\t\t\t\t<div class=\"elementor-element elementor-element-6ce9e09b elementor-widget elementor-widget-text-editor\" data-id=\"6ce9e09b\" data-element_type=\"widget\" data-widget_type=\"text-editor.default\">\n\t\t\t\t\t\t\t\t\t<p>Todos nuestros productos de Doll Silicone Love tienen una excelente calidad, trabajamos con las mejores f\u00e1bricas.<\/p><p>Env\u00edo con total discreci\u00f3n, completamente an\u00f3nimo.<\/p>\t\t\t\t\t\t\t\t<\/div>\n\t\t\t\t\t<\/div>\n\t\t<\/div>\n\t\t\t\t\t<\/div>\n\t\t<\/section>\n\t\t<div class=\"elementor-element elementor-element-59265dd e-grid e-con-boxed e-con e-parent\" data-id=\"59265dd\" data-element_type=\"container\">\n\t\t\t\t\t<div class=\"e-con-inner\">\n\t\t\t\t<div class=\"elementor-element elementor-element-9b965f2 elementor-widget elementor-widget-image\" data-id=\"9b965f2\" data-element_type=\"widget\" data-widget_type=\"image.default\">\n\t\t\t\t\t\t\t\t\t\t\t\t\t\t\t<img fetchpriority=\"high\" decoding=\"async\" width=\"226\" height=\"462\" src=\"https:\/\/dollsiliconelove.com\/wp-content\/uploads\/2022\/08\/Screenshot_20250720140836-226x462.png\" class=\"attachment-large size-large wp-image-5807\" alt=\"\" \/>\t\t\t\t\t\t\t\t\t\t\t\t\t\t\t<\/div>\n\t\t\t\t<div class=\"elementor-element elementor-element-3193848 elementor-widget elementor-widget-image\" data-id=\"3193848\" data-element_type=\"widget\" data-widget_type=\"image.default\">\n\t\t\t\t\t\t\t\t\t\t\t\t\t\t\t<img decoding=\"async\" width=\"344\" height=\"462\" src=\"https:\/\/dollsiliconelove.com\/wp-content\/uploads\/2025\/11\/Screenshot_20250720140910-344x462.png\" class=\"attachment-large size-large wp-image-5886\" alt=\"\" \/>\t\t\t\t\t\t\t\t\t\t\t\t\t\t\t<\/div>\n\t\t\t\t<div class=\"elementor-element elementor-element-6b61e3e elementor-widget elementor-widget-image\" data-id=\"6b61e3e\" data-element_type=\"widget\" data-widget_type=\"image.default\">\n\t\t\t\t\t\t\t\t\t\t\t\t\t\t\t<img decoding=\"async\" width=\"493\" height=\"462\" src=\"https:\/\/dollsiliconelove.com\/wp-content\/uploads\/2025\/11\/Screenshot_20250720140946-1-493x462.png\" class=\"attachment-large size-large wp-image-5888\" alt=\"\" \/>\t\t\t\t\t\t\t\t\t\t\t\t\t\t\t<\/div>\n\t\t\t\t\t<\/div>\n\t\t\t\t<\/div>\n\t\t\t\t<\/div>\n\t\t","protected":false},"excerpt":{"rendered":"<p><strong>THEO #202<\/strong><\/p>\n<p>&nbsp;<\/p>\n<p>MU\u00d1ECA SILICONA TPE<\/p>\n<p>&nbsp;<\/p>\n<p><strong>CALIDAD PREMIUM<\/strong><\/p>\n","protected":false},"featured_media":5855,"comment_status":"open","ping_status":"closed","template":"","meta":[],"product_brand":[],"product_cat":[38],"product_tag":[44,48,51,52,55],"class_list":{"0":"post-42","1":"product","2":"type-product","3":"status-publish","4":"has-post-thumbnail","6":"product_cat-asiaticas","7":"product_tag-earrings","8":"product_tag-jewelry","9":"product_tag-men","10":"product_tag-necklaces","11":"product_tag-pendants","12":"pa_tamano-de-la-muneca-4ft7-145cm","13":"pa_tamano-de-la-muneca-4ft8-148cm","14":"pa_tamano-de-la-muneca-4ft8-148cm-02","15":"pa_tamano-de-la-muneca-5ft-153cm","16":"pa_tamano-de-la-muneca-medidas","17":"pa_tamano-de-la-muneca-5ft-158cm-02","18":"pa_tamano-de-la-muneca-5ft4-165cm","19":"pa_tamano-de-la-muneca-5ft4-165cm-02","20":"pa_tamano-de-la-muneca-5ft5-168cm","21":"pa_tamano-de-la-muneca-5ft5-168cm-02","22":"pa_tamano-de-la-muneca-5ft5-169cm","25":"instock","26":"taxable","27":"shipping-taxable","28":"purchasable","29":"product-type-variable"},"jetpack_sharing_enabled":true,"_links":{"self":[{"href":"https:\/\/dollsiliconelove.com\/index.php\/wp-json\/wp\/v2\/product\/42","targetHints":{"allow":["GET"]}}],"collection":[{"href":"https:\/\/dollsiliconelove.com\/index.php\/wp-json\/wp\/v2\/product"}],"about":[{"href":"https:\/\/dollsiliconelove.com\/index.php\/wp-json\/wp\/v2\/types\/product"}],"replies":[{"embeddable":true,"href":"https:\/\/dollsiliconelove.com\/index.php\/wp-json\/wp\/v2\/comments?post=42"}],"version-history":[{"count":9,"href":"https:\/\/dollsiliconelove.com\/index.php\/wp-json\/wp\/v2\/product\/42\/revisions"}],"predecessor-version":[{"id":5915,"href":"https:\/\/dollsiliconelove.com\/index.php\/wp-json\/wp\/v2\/product\/42\/revisions\/5915"}],"wp:featuredmedia":[{"embeddable":true,"href":"https:\/\/dollsiliconelove.com\/index.php\/wp-json\/wp\/v2\/media\/5855"}],"wp:attachment":[{"href":"https:\/\/dollsiliconelove.com\/index.php\/wp-json\/wp\/v2\/media?parent=42"}],"wp:term":[{"taxonomy":"product_brand","embeddable":true,"href":"https:\/\/dollsiliconelove.com\/index.php\/wp-json\/wp\/v2\/product_brand?post=42"},{"taxonomy":"product_cat","embeddable":true,"href":"https:\/\/dollsiliconelove.com\/index.php\/wp-json\/wp\/v2\/product_cat?post=42"},{"taxonomy":"product_tag","embeddable":true,"href":"https:\/\/dollsiliconelove.com\/index.php\/wp-json\/wp\/v2\/product_tag?post=42"}],"curies":[{"name":"wp","href":"https:\/\/api.w.org\/{rel}","templated":true}]}}